.
23
Calculate the remainder when 1218993 is divided by 54.
51
What is the remainder when 84888 is divided by 3?
0
What is the remainder when 184557 is divided by 1247?
1
Calculate the remainder when 116050 is divided by 6447.
4
Calculate the remainder when 109374 is divided by 18.
6
What is the remainder when 12511 is divided by 5508?
1495
What is the remainder when 2624 is divided by 2605?
19
What is the remainder when 29909 is divided by 448?
341
Calculate the remainder when 28827 is divided by 63.
36
Calculate the remainder when 341342 is divided by 7938.
8
What is the remainder when 1822 is divided by 24?
22
What is the remainder when 81605 is divided by 11655?
20
Calculate the remainder when 52463 is divided by 26192.
79
Calculate the remainder when 7131 is divided by 26.
7
Calculate the remainder when 30997 is divided by 43.
37
What is the remainder when 9374 is divided by 24?
14
Calculate the remainder when 4085 is divided by 63.
53
Calculate the remainder when 14684 is divided by 1104.
332
Calculate the remainder when 3612 is divided by 89.
52
What is the remainder when 26752 is divided by 158?
50
What is the remainder when 57215 is divided by 954?
929
What is the remainder when 93125 is divided by 30979?
188
What is the remainder when 5995499 is divided by 1998498?
5
Calculate the remainder when 109791 is divided by 47.
46
Calculate the remainder when 49282 is divided by 36.
34
Calculate the remainder when 234896 is divided by 134.
128
What is the remainder when 14599 is divided by 156?
91
What is the remainder when 6549 is divided by 154?
81
Calculate the remainder when 3753 is divided by 542.
501
Calculate the remainder when 630 is divided by 586.
44
Calculate the remainder when 47937 is divided by 141.
138
Calculate the remainder when 12832 is divided by 6098.
636
Calculate the remainder when 1993 is divided by 142.
5
Calculate the remainder when 42973 is divided by 27.
16
What is the remainder when 6341 is divided by 634?
1
What is the remainder when 1523028 is divided by 5?
3
What is the remainder when 235623 is divided by 125?
123
What is the remainder when 32752 is divided by 372?
16
Calculate the remainder when 2120 is divided by 1017.
86
Calculate the remainder when 45394 is divided by 117.
115
Calculate the remainder when 7124 is divided by 623.
271
Calculate the remainder when 434775 is divided by 933.
930
Calculate the remainder when 6705 is divided by 675.
630
What is the remainder when 1969 is divided by 372?
109
Calculate the remainder when 42951 is divided by 92.
79
Calculate the remainder when 64303 is divided by 8.
7
What is the remainder when 9005 is divided by 358?
55
Calculate the remainder when 31843 is divided by 160.
3
Calculate the remainder when 5660 is divided by 38.
36
Calculate the remainder when 4705 is divided by 189.
169
Calculate the remainder when 60406 is divided by 313.
310
Calculate the remainder when 9411 is divided by 16.
3
Calculate the remainder when 552030 is divided by 739.
736
Calculate the remainder when 44715 is divided by 12.
3
Calculate the remainder when 38377 is divided by 19150.
77
What is the remainder when 28979 is divided by 9653?
20
Calculate the remainder when 555 is divided by 134.
19
Calculate the remainder when 12388 is divided by 6186.
16
What is the remainder when 7208 is divided by 3251?
706
What is the remainder when 4973 is divided by 1610?
143
Calculate the remainder when 174853 is divided by 3179.
8
What is the remainder when 105414 is divided by 38?
2
What is the remainder when 280355 is divided by 280354?
1
Calculate the remainder when 3731758 is divided by 639.
637
What is the remainder when 1255 is divided by 126?
121
What is the remainder when 1448 is divided by 681?
86
Calculate the remainder when 1571001 is divided by 289.
286
What is the remainder when 12520 is divided by 202?
198
Calculate the remainder when 108090 is divided by 61.
59
What is the remainder when 140465 is divided by 21?
17
What is the remainder when 26855 is divided by 3355?
15
What is the remainder when 7334 is divided by 51?
41
Calculate the remainder when 28651 is divided by 3580.
11
What is the remainder when 2853 is divided by 22?
15
What is the remainder when 125964 is divided by 25191?
9
Calculate the remainder when 99384 is divided by 5226.
90
What is the remainder when 699074 is divided by 86?
66
What is the remainder when 6507 is divided by 7?
4
What is the remainder when 8312 is divided by 1662?
2
What is the remainder when 127221 is divided by 372?
369
Calculate the remainder when 40596 is divided by 122.
92
What is the remainder when 687 is divided by 100?
87
Calculate the remainder when 5310 is divided by 1313.
58
Calculate the remainder when 33501 is divided by 11063.
312
Calculate the remainder when 59117 is divided by 14.
9
What is the remainder when 5670 is divided by 5652?
18
What is the remainder when 899 is divided by 2?
1
Calculate the remainder when 2570 is divided by 572.
282
Calculate the remainder when 430870 is divided by 78.
76
What is the remainder when 5632 is divided by 5540?
92
Calculate the remainder when 11346 is divided by 172.
166
What is the remainder when 11131 is divided by 36?
7
What is the remainder when 42570 is divided by 4240?
170
Calculate the remainder when 1554091 is divided by 124.
123
What is the remainder when 458 is divided by 249?
209
Calculate the remainder when 1813 is divided by 798.
217
Calculate the remainder when 17752 is divided by 11.
9
What is the remainder when 406391 is divided by 42?
41
What is the remainder when 7325 is divided by 9?
8
Calculate the remainder when 1694 is divided by 302.
184
What is the remainder when 12863 is divided by 383?
224
What is the remainder when 1476687 is divided by 86863?
16
Calculate the remainder when 18787 is divided by 767.
379
Calculate the remainder when 2356 is divided by 1160.
36
Calculate the remainder when 159679 is divided by 2101.
3
Calculate the remainder when 13473 is divided by 221.
213
Calculate the remainder when 26153 is divided by 6430.
433
Calculate the remainder when 239 is divided by 195.
44
Calculate the remainder when 55840 is divided by 112.
64
Calculate the remainder when 90933 is divided by 27.
24
Calculate the remainder when 6943 is divided by 342.
103
What is the remainder when 2380 is divided by 159?
154
What is the remainder when 605 is divided by 91?
59
Calculate the remainder when 156820 is divided by 15.
10
Calculate the remainder when 167957 is divided by 86.
85
What is the remainder when 43219 is divided by 14402?
13
Calculate the remainder when 28633 is divided by 1071.
787
Calculate the remainder when 4462 is divided by 382.
260
Calculate the remainder when 1089597 is divided by 1241.
1240
What is the remainder when 2263 is divided by 754?
1
Calculate the remainder when 2528 is divided by 59.
50
Calculate the remainder when 838 is divided by 118.
12
Calculate the remainder when 967 is divided by 179.
72
Calculate the remainder when 12070 is divided by 4023.
1
What is the remainder when 90685 is divided by 104?
101
Calculate the remainder when 10211 is divided by 600.
11
Calculate the remainder when 51797 is divided by 194.
193
Calculate the remainder when 751038 is divided by 17.
12
What is the remainder when 51107 is divided by 4?
3
What is the remainder when 196832 is divided by 2772?
20
What is the remainder when 16074 is divided by 5318?
120
What is the remainder when 183716 is divided by 77?
71
Calculate the remainder when 3453 is divided by 64.
61
What is the remainder when 155198 is divided by 31037?
13
What is the remainder when 715946 is divided by 74?
70
Calculate the remainder when 444514 is divided by 15.
4
Calculate the remainder when 7730 is divided by 1543.
15
What is the remainder when 66443 is divided by 7369?
122
What is the remainder when 1780 is divided by 43?
17
Calculate the remainder when 812562 is divided by 812550.
12
What is the remainder when 3836 is divided by 826?
532
Calculate the remainder when 4437 is divided by 887.
2
What is the remainder when 9355 is divided by 17?
5
What is the remainder when 125399 is divided by 172?
11
What is the remainder when 1377 is divided by 1327?
50
What is the remainder when 8596 is divided by 62